. What is n(c)?
-11
Let o be (-1*1/2)/(8/(-128)). Let w(k) = -o - 5 + 2*k + 15. Determine w(-5).
-8
Let d = 18 - 17. Let s be (d/(-2))/((-2)/(-24)). Let u(q) = 0*q**2 - q**2 - 668*q + 661*q - 1. Give u(s).
5
Suppose 19*d - 122 = -84. Let g(w) be the third derivative of w**4/24 + w**3/6 - w**2. Determine g(d).
3
Suppose -4*k - 2*h + 10 = 0, -8 = -5*k - 4*h + 3*h. Let c(x) = 10*x**2 - x. Give c(k).
9
Let w(s) be the third derivative of s**6/120 + s**5/10 + s**4/8 - 5*s**3/6 - 3*s**2 + 24*s. Let k be (-74)/14 - 2/(-7). Give w(k).
5
Let j(w) = -5*w**2 + 9*w + 24. Let m(z) = -3*z**2 + 5*z + 12. Let r(k) = -4*j(k) + 7*m(k). Let d(o) be the first derivative of r(o). Give d(-6).
11
Suppose -d = -1 - 1. Let r(s) = 2*s**2 - 2*s - s**2 - s**3 - 14062 + 14064. Give r(d).
-6
Let s(m) = -m**3 + 5*m**2 - 2*m - 6. Let u be s(3). Suppose 18 = -0*t + u*t. Let n(w) = w**3 - 4*w**2 + 2*w + 4. Calculate n(t).
1
Let l(n) = n**3 - 5*n**2 - 8*n + 5. Let a = -24 - -56. Let q = a - 26. Calculate l(q).
-7
Suppose -2*v - 5*t - 11 = 0, -5*v + 21 - 2 = -3*t. Suppose -r = 2*r + 4*x - 10, -4*x = -4. Suppose v*p = -4 + r. Let g(i) = 6*i + 1. Give g(p).
-5
Let q be -2*(-3)/3*-4. Let x = 4 + q. Let s(c) = c**2 + 2*c + 2. Calculate s(x).
10
Let s = -3 + 3. Let m(n) = 1 - n + 4 + s*n - 3. Suppose 0*u + 2*t = 4*u + 12, 4*u - 3*t = -10. Give m(u).
6
Let k(g) = -g - 6. Let p be ((-85)/(-68))/((-2)/(-8)). What is k(p)?
-11
Let g(s) be the second derivative of s**4/12 - s**3/2 - s**2/2 + 2*s. Suppose -41*r = -21*r - 60. Determine g(r).
-1
Let a(g) = -g + 3. Let u be a(1). Suppose -u*j - 8 = -6*j. Let p(o) = o**2 + o + 1. What is p(j)?
7
Let x(c) be the second derivative of -c**7/2520 - c**6/120 + c**5/20 - c**4 - 5*c. Let r(h) be the third derivative of x(h). Give r(-7).
-1
Let i(l) = -12*l + 110. Let u(x) = 11*x - 104. Let z(k) = 2*i(k) + 3*u(k). Give z(10).
-2
Let j(s) = 0*s - 1 + 0*s + s + 6. Suppose -3*l - 16 = -4*l. Suppose -3*a - a = l. What is j(a)?
1
Let c(z) = 11*z**2 + 11*z - 12. Let q(y) = -6*y**2 - 5*y + 6. Let p(f) = 3*c(f) + 5*q(f). Let b(l) = -4*l**2 - 9*l + 6. Let w(h) = -2*b(h) - 3*p(h). Give w(-6).
6
Let s(z) be the third derivative of -z**5/60 - z**4/6 - 5*z**3/6 - z**2 - 13*z. Determine s(-5).
-10
Let a(c) be the first derivative of 9*c**2/2 + 2*c + 139. Calculate a(-2).
-16
Let d(t) = t**2 - 8*t - 13. Suppose 0 = -r + 5*y + 9, 5*r + 0*y - 45 = -4*y. Determine d(r).
-4
Let z(h) = -h**3 - h**2 - h + 1. Let x(o) = -o**3 + 9*o**2 + 13*o - 25. Let y be x(10). Let j = y - 4. Determine z(j).
-2
Let r(o) = 34*o**2 + 13*o - 4. Let l(c) = -33*c**2 - 17*c + 5. Let h(g) = -3*l(g) - 4*r(g). What is h(1)?
-37
Let c(w) be the first derivative of 1/3*w**3 - 6 + 2*w - 9/2*w**2. What is c(6)?
-16
Let w(z) = z**2. Let h be w(-1). Let t(q) = 2 + 1 - 3*q**2 - 2 - 491*q + 490*q. What is t(h)?
-3
Let y(u) = -u**2 - 3*u - 1. Let t = -10 - -22. Let w = 0 + t. Suppose 12 + w = -4*a. Give y(a).
-19
Let v(z) be the third derivative of z**5/60 - z**4/24 - z**3/2 + 8*z**2. Let p(h) be the first derivative of v(h). Calculate p(-1).
-3
Let u(g) = 7372*g**2 + 0*g**3 - g**3 - 8*g - 7380*g**2 + 4. Give u(-7).
11
Let f(b) = b**2 - 6*b - 5. Let p be f(7). Let t(k) be the first derivative of -7/2*k**p - 5 - 1/4*k**4 - 8/3*k**3 - 4*k. What is t(-7)?
-4
Let v(w) = w**2 - 7*w - 8. Let m be -10*(3 - 144/40). Determine v(m).
-14
Let g be (6/9)/((-8)/(-540)). Let a = 50 - g. Let z(b) = -b**3 + 6*b**2 - 4*b. Calculate z(a).
5
Suppose -5*c + 11 = -19. Let t(u) be the second derivative of -u**4/12 + 3*u**3/2 - 4*u**2 + 18*u. What is t(c)?
10
Let q be 1/(1*(-1)/(-3)). Let y(o) = -2*o - 6*o**2 + 4*o**2 + q + 1 - 5. Suppose 16 = -3*t + 5*h, -t - 18 = 3*t - 5*h. Calculate y(t).
-5
Let v(y) = y**3 + 4*y**2 - 4*y + 3. Let m(i) = -3*i**2 + i + 5. Let t be m(2). Give v(t).
-2
Let d(b) = 2*b - 13. Let z be d(8). Let u(t) be the third derivative of t**5/60 - t**4/8 + t**3/3 - 26*t**2. What is u(z)?
2
Let z(l) = -2*l + 5. Suppose 3*d + 2*c - 40 = 0, -5*d - 6*c + 35 = -9*c. Calculate z(d).
-15
Let m(x) = x**3 - 7*x**2 - 7*x - 2. Let n be m(8). Let g(o) = -11*o + n*o + 3 + 3*o + 0*o. Calculate g(7).
-11
Suppose 0 = -2*l + 6. Let i be (3 - -2)*l/5. Let g(w) = -i + 3 + 4*w + 4*w. Determine g(-1).
-8
Let d(y) = -y. Let w(m) = -m + 1. Let u(j) = 4 - 15*j + 3 + 9*j + 3. Let o(p) = 2*u(p) - 14*w(p). Let r be o(0). Give d(r).
-6
Let w(k) = 19*k - 10 + 3*k**2 - 3*k + 2*k**3 - 20*k. Calculate w(-2).
-6
Let a(p) = -2*p - 20. Let h be a(-10). Suppose 12 = 3*t, h*u + 3*t - 8 = -4*u. Let w(f) = 9*f**3 - f**2 - 2*f - 1. Calculate w(u).
-9
Let m(r) be the first derivative of -r**3/6 + 3*r**2 + 9*r - 4. Let w(g) be the first derivative of m(g). Let f = 51 - 46. Calculate w(f).
1
Let q be 0/2*(-1 - 0). Let v(i) be the first derivative of i**3/3 + i**2/2 + 13*i - 252. Calculate v(q).
13
Suppose -3*o - 3 = -4*h - 1, 2*o - 5*h = -6. Suppose -4*n = -o*n + 2. Let x(i) = 2*i**2 - i - 1. Give x(n).
2
Suppose 16*p = 11*p + 15. Suppose 0 = -p*v + 12, 5*j + 7 = 4*v + 21. Let s(q) = -10 + 2*q**2 - 3*q**3 + q + 3 + 4*q**2 + 2*q**3. Calculate s(j).
-1
Let b = 1305 + -1302. Let l(h) be the third derivative of h**6/360 - h**5/24 + h**4/8 + h**3/3 - h**2. Let s(y) be the first derivative of l(y). Determine s(b).
-3
Let b be 1 + 2 + (8 - 11). Suppose b = -5*u + 11 - 6. Let q(f) = 7*f - 1. Calculate q(u).
6
Suppose 2*b - 4 = 3*b + i, 0 = -b - 4*i - 7. Let m be (9/15)/(2/60). Let x(l) = 8 + m*l - 9 - 17*l. Determine x(b).
-4
Let q(r) = -5*r**2 + 5*r. Let s(t) = -4*t**2 + 4*t. Let i(g) = 3*q(g) - 4*s(g). Let b(c) = 7*c**2 - 5*c + 4. Let w be b(2). Suppose -6*u - w = -4. What is i(u)?
12
Let c(m) = 2*m**3 + 2*m**2 - 2*m. Let l(f) be the third derivative of -f**4/24 + 2*f**3 + 13*f**2. Let b be l(14). Calculate c(b).
-4
Let v = -36 - -38. Suppose -v*d + 15 = 1. Let t(h) = -3*h + 9. Calculate t(d).
-12
Let s be (0/1)/(-2) + 1 + 1. Suppose -2*v = -3*v - 2, 3*w = s*v - 8. Let r(h) = -h**3 - 4*h**2 - 2*h - 4. What is r(w)?
4
Suppose -4*v = -3*k - 7 - 1, -5*v - 5*k - 25 = 0. Let j be (v - (-1 + 2))/(-1). Let c(o) = o**3 + o**2 + 1 - 5*o**j + o**2. Give c(1).
-1
Let u(t) = -t**2 - 6*t**2 - 2 + 12*t + 9*t**2 + 2*t**2 - t**3. What is u(6)?
-2
Let p(o) = 22*o + 6. Let b(d) = 18*d + 5. Let h(y) = 6*b(y) - 5*p(y). Give h(-4).
8
Let y(j) = -3*j + 5 + 17*j - 11*j - 5*j - j**2. What is y(-7)?
-30
Suppose j - 6 = 2*h, -2*h + 2 - 16 = 3*j. Let y be (1 + j/10)*(-105)/(-42). Let o(r) = 2*r - 3. What is o(y)?
1
Let r(o) = 4*o + 4. Let j(b) = 5*b + 5. Let v(a) = -5*j(a) + 6*r(a). Let l(p) = -2*p + 19. Let d = 94 + -85. Let h be l(d). Calculate v(h).
-2
Let q = -437 - -440. Let x(g) = -g**2 - 4*g + 17. Give x(q).
-4
Let r be (9/6)/(4/40). Suppose -r*l + 20*l = 5. Let j(y) = -4*y**3. What is j(l)?
-4
Let f(b) = -b**3 + 3*b**3 - 214732*b - 3*b**3 - 6*b**2 + 2 + 214730*b. Let m = -18 - -13. What is f(m)?
-13
Let i be ((-63)/12)/((-42)/112). Suppose 2*q + 60 = i*q. Let s(w) = 2*w**2 - 6*w - 5. Determine s(q).
15
Let j(n) = -7*n + 2. Let r be 36/(-30)*(-10)/2. Let l(d) = 4*d - 1. Let p(f) = r*j(f) + 11*l(f). Let i = 1 - 3. Calculate p(i).
-3
Let q(p) = -2*p**2 - 3*p - 3. Suppose -2*x = -105 + 109. Calculate q(x).
-5
Let k(y) be the first derivative of -y**4/4 - 4*y**3/3 + 7*y**2/2 + y + 44. What is k(-5)?
-9
Suppose 4*q + 1 = 2*w + 23, 0 = -5*w - 15. Suppose q*c - 47 + 39 = 0. Let f(b) = -4*b. Determine f(c).
-8
Let z(m) = -2*m + 10. Let a(p) = p**3 + 20*p**2 + 21. Let n be a(-20). Suppose 6*d = 21 + n. Determine z(d).
-4
Let t be 7/1 + (4 - 6). Suppose y + t = 2*p - p, 3*y = -5*p - 15. Let z(i) = -i + 2. What is z(y)?
7
Let n(s) = -33*s + 1. Let u(a) = -176*a + 6. Let v(x) = -11*n(x) + 2*u(x). Calculate v(-2).
-21
Let t(h) be the second derivative of h**5/20 + h**4/6 + h**3/2 + h**2/2 - 3*h. Suppose -4*v + 16 = -8. Suppose o - v = 4*j, j + 5*o + 17 = 5. Calculate t(j).
-5
Let q(v) be the third derivative of -v**6/120 + 7*v**5/60 - 7*v**4/24 + v**3/2 - 2*v**2. Determine q(5).
18
Suppose 25*m = 31*m - 48. Let k(t) = t**3 - 9*t**2 + 10*t - 6. What is k(m)?
10
Suppose 5*n + 3*z + 5 = 0, 0 = n - z + 2 - 1. Let y be n/2*(21 + -15). Let k(x) = x**2 + 2*x + 1. Calculate k(y).
4
Let l(y) be the first derivative of -y**4/4 - 4*y**3/3 + 3*y**2/2 - 3*y - 32. Suppose -4*t + 2*n = 26, -2*n + 5*